- n - x - 4 + 18. What is u(m)?
8
Let j be -11 + (22 - 12) + 3. Let y(u) be the first derivative of 5*u + 2/3*u**3 - 4*u**j - 8. Calculate y(5).
15
Let n(v) be the first derivative of v**4/4 + 2*v**3/3 - v**2/2 + v - 560. Give n(-2).
3
Let a(i) be the second derivative of 9*i + 1/20*i**5 + 1/4*i**4 + 1/2*i**2 + 0*i**3 + 0. What is a(-3)?
1
Let h(k) = 4*k - 1. Let i(z) = -5*z + 1. Suppose -4*o = -6*o - 5*s + 6, 2*o + 22 = 2*s. Let t(d) = o*h(d) - 6*i(d). Give t(-2).
-3
Let k(i) be the second derivative of -i**5/20 - 5*i**4/12 + 17*i**3/6 + 19*i**2/2 - 3*i + 11. Give k(-7).
-2
Let m(b) = b**2 - 10*b - 3. Let u be 1 + (-18)/15 - 360/(-50). Calculate m(u).
-24
Suppose 5*t - 8 = 3*y, 11*t = 9*t + 2*y. Let b(g) = -2*g - 7*g**2 + 0*g**3 + 4*g**2 + g**3 - 2. Give b(t).
6
Let k(s) be the second derivative of 1/2*s**4 + 0 + 13/2*s**2 + 7*s + 2/3*s**3. Let q(f) = 7*f**2 + 3*f + 14. Let t(r) = 6*k(r) - 5*q(r). Calculate t(-8).
0
Let v(s) = -s**2 + s + 16. Let q(y) be the first derivative of 2*y**3/3 - 3*y**2/2 - 32*y - 4. Let r(c) = 2*q(c) + 5*v(c). Calculate r(0).
16
Let y = -12 + 14. Suppose -y + 16 = 2*p. Let f(a) = 4 + 4 - p + 6 - 2*a. Calculate f(5).
-3
Let j(t) = -12*t + 3 - 33*t + 47*t. Calculate j(-7).
-11
Let h(b) = b + 18. Let s(p) = -2*p**2 - 12*p - 28. Let r be s(-3). What is h(r)?
8
Let o(x) be the third derivative of -1/60*x**5 + 11*x**2 + 0 + 0*x + 7/24*x**4 - 1/2*x**3. What is o(6)?
3
Let y(v) = -v**3 + 4*v**2 - 2*v + 13. Let g be -2 - (-2 - -5) - 252/(-28). Calculate y(g).
5
Let v(f) = f**3 + f. Let g = -19 - -20. Suppose 0 = -5*o + j + 17, g = -4*j + 13. Suppose 2*y = -o*y. Give v(y).
0
Let x(n) = n**2 - 4*n + 5. Let c be (-4 - -3)*(-7 + 2). Let s be x(c). Let o(m) = -s*m - 7 + 4 + 6*m + 4. Determine o(-2).
9
Let h(f) be the second derivative of 0*f**2 - f + 0 - 1/6*f**3. Calculate h(7).
-7
Let s(v) be the first derivative of -v**4/4 - 7*v**3/3 - 5*v**2/2 + 4*v - 54. Determine s(-6).
-2
Let s(g) = g**3 + 5*g**2 - g + 2. Suppose 0 = 4*p - p - 15, -18 = r - 4*p. Let y be 12/4*-1 - r. Give s(y).
7
Let r(w) = -6*w - 1. Let z = 106 + -102. Suppose -6 = 10*d + z. Give r(d).
5
Let l(k) = k - 4. Suppose 14 + 17 = 4*a - 3*j, 0 = -5*a - 4*j. Suppose 4*c - 4*n = -0*n + 16, -5*n - 20 = -3*c. Suppose c*o = a*o. Determine l(o).
-4
Let t(l) be the second derivative of -l**3/6 + 5*l**2/2 - 10*l. Let n be t(0). Suppose 15 = -0*k - n*k. Let f(i) = -3*i. Give f(k).
9
Let j(o) = -37*o - 481. Let c be j(-13). Let a(w) = -2*w + 14. Determine a(c).
14
Let i be (2 - (-64)/(-40))/(4/10). Let y = i + 2. Let o(f) = -f - 2*f**2 + 2*f + f**3 - 1 - 3*f. Determine o(y).
2
Let d = 28 - 23. Suppose 3*k - 3 = 3*y, -3*k + 4*y = -d - 0. Let g(s) = -14*s. Calculate g(k).
14
Let c(l) = 5 + 1 + 0*l - l. Let g be c(4). Let v(b) be the second derivative of b**3/2 - b**2/2 + 400*b. Calculate v(g).
5
Let y(d) = -d**3 + 2*d + 2. Let i = -195 + 193. What is y(i)?
6
Let o(q) = 6*q - 14. Let h(f) = -f. Let l(s) = -8*h(s) - o(s). What is l(-10)?
-6
Let s(u) = -13*u + 7. Let l(c) = -35*c + 21. Let g(m) = 3*l(m) - 8*s(m). Suppose 3*n = 5*j - 2*j - 27, 4*j - n - 24 = 0. Calculate g(j).
2
Let j(b) = -b + 3. Let s(q) = q + 13. Let t be s(-9). Suppose 2*w - 3*c = -t, 0 = w - 4*c + 5 - 3. Let y = w - -7. What is j(y)?
-2
Let x(v) = -7*v**2 - 7*v - 6. Suppose 0 = 4*z + 14 - 10. Let u be x(z). Let t(j) = -j**2 - 5*j. Calculate t(u).
-6
Let i(h) = -6*h**2 + 2*h - 1. Let a be i(1). Let p(x) be the second derivative of x**4/12 + 5*x**3/6 + 3*x**2 + 25*x. Give p(a).
6
Let d(u) = -4*u - 2. Let h(m) = 3*m. Let v(x) = -4*d(x) - 5*h(x). Let f = 19 + -25. Determine v(f).
2
Suppose g + 1 = 7. Let z(u) be the second derivative of -2*u + u**3 + 7/2*u**2 - 1/12*u**4 + 3. Give z(g).
7
Suppose 0 = 36*j - 407 + 47. Let h(o) = -o**2 + 11*o - 19. Give h(j).
-9
Let d be (-1 + -3 + 5)/((-3)/(-33)). Let f(o) = o + 8. Determine f(d).
19
Let x(y) be the third derivative of -y**6/120 + y**5/12 - y**4/24 - y**3/2 + y**2 - 27*y. Calculate x(5).
-8
Let n(p) = -4*p + 6 - 5*p**2 - 16*p**3 + p**2 + 5*p**3 + 3*p + 10*p**3. Give n(-5).
36
Let d(p) be the third derivative of p**5/60 - p**4/6 - p**3/2 - 4*p**2. Let o be ((-15)/(-10) - 1)*0. Suppose -3*w + w + 12 = o. Give d(w).
9
Let l(w) be the second derivative of w**4/24 + w**3 + 11*w**2/2 + 6*w. Let z(f) be the first derivative of l(f). Give z(-5).
1
Suppose 0 = 2*f + 1 + 11. Let q(b) = b**3 + b**2 + b + 1. Let h(l) = -4*l**2 + 0*l + 3*l - 8*l + 3*l**3 - 6 - l**3. Let s(w) = h(w) - 3*q(w). Calculate s(f).
3
Let g(n) = -n**2 - 9*n - 5. Suppose 15 = u + 3*l, u + 4*l - 12 - 5 = 0. Suppose -u*z + 29 = 110. Calculate g(z).
-5
Suppose -n + 4*u - 9 = 0, 3*n - 16*u + 27 = -12*u. Let b(q) be the third derivative of q**5/60 + q**4/3 - q**3 - 2*q**2. Give b(n).
3
Let y(u) = -u**2 - 2*u. Suppose -141 = -h + 2*h. Let q = -145 - h. Give y(q).
-8
Let i be 0/49*-2*2/(-8). Suppose -3*f + d + 2 + 3 = i, 5*d - 7 = -f. Let h(z) = -8*z + 1. Give h(f).
-15
Let g(d) = d**2 + 18555 - 18557 - 2*d**2 + 7*d. Suppose -q - 15 = 4*f, -4*f - 23 - 22 = -5*q. Give g(q).
8
Let u(p) = 2*p - 2. Let i be u(3). Suppose 5*j - 6*g + g - 70 = 0, -i*g - 45 = -3*j. Let z(b) = b**2 - 12*b + 10. What is z(j)?
-1
Let v(q) be the first derivative of 7*q**2/2 + 8*q - 87. Calculate v(-8).
-48
Suppose 18 = l + 2*l - q, l = 4*q - 5. Let d(g) = -5*g + 3*g + 3*g + 0 - 6. Determine d(l).
1
Let y = 69 + -66. Let k(f) = -6*f + 1 + y*f - 3*f + 7*f. Calculate k(-3).
-2
Let w(p) be the first derivative of p**4/4 - 8*p**3/3 - p**2 + p + 2. Let x(h) = -103*h - 610. Let f be x(-6). Give w(f).
-15
Suppose 2*t - 9 = 14*v - 47, 3*t = -4*v + 18. Let f(j) = 20*j + 2. Give f(t).
42
Let g(x) be the first derivative of -x**3/3 + 5*x**2 - 2*x + 913. What is g(9)?
7
Let a(j) = -15 + 3 + 3*j - j - 2*j**3 + 11. Let g = 50 + -49. Determine a(g).
-1
Suppose -4*y = -5*t - 2, 2*t - 17 = -3*y - 2*t. Let r(u) = 2*u**3 - 3*u**2 + 3. What is r(y)?
30
Let y(j) = -j**3 - 23*j**2 + 2*j + 41. Let n(p) = 36*p - 167. Let g be n(4). Give y(g).
-5
Let l(x) be the second derivative of -3*x**5/40 - x**4/24 + 5*x**3/2 - 19*x. Let u(k) be the second derivative of l(k). Calculate u(1).
-10
Let a(i) = -7*i**2 - 5*i + 2. Let z(t) = -22*t**2 - 17*t + 7. Let o(d) = 7*a(d) - 2*z(d). Calculate o(-1).
-4
Let b(p) = -4*p - p**2 - 6 - p + p**3 + 11*p - 4*p**2. What is b(4)?
2
Let j(t) = 2*t**2 - 21*t - 10. Suppose -8*g + 97 = 9. What is j(g)?
1
Let n(t) = -t**2 - 8*t - 2. Let m be n(-7). Suppose m*z - 4*z = 2. Let a(g) = -2*g**2 - g. What is a(z)?
-10
Let v be (-10)/(-5)*24/12. Let t(y) = -4*y. Determine t(v).
-16
Let t(g) = 4*g + 15. Let r(y) = -y - 1. Let w(n) = -2*n - 1. Let c be w(0). Let a(p) = c*t(p) - 5*r(p). Let o be (-10)/(-45) - 4/18. Give a(o).
-10
Suppose -5*y + 16 = 1. Let t(k) = -k**3 - 15*k**2 + 14*k - 30. Let j be t(-16). Let x(u) = -2*u**y + 3*u**j + 2 + 5 + u**2 - 4*u - 4. Determine x(2).
-5
Let f(h) = -178*h**3 - 140*h**3 - 12 + 11 + 290*h**3. What is f(-1)?
27
Let n(p) = -p**3 + 5*p**2 - 5*p + 3. Let v be 4 + 0 + (10 - 11). Determine n(v).
6
Let o = -1 - -13. Let g(a) = -a**3 + 12*a**2 + a - 9. Let k be g(o). Let t be k - 0 - (0 - 1). Let b(f) = f**3 - 4*f**2 + 2*f - 2. Determine b(t).
6
Let x(o) be the first derivative of -3*o + 9/2*o**2 + 1/3*o**3 + 8. Give x(-5).
-23
Let u be (2 - 2)/(-2*(7 - 9)). Let b(x) be the third derivative of 0*x + u - 1/60*x**5 + 5/24*x**4 + 10*x**2 - 1/3*x**3. Give b(4).
2
Let a(u) = u**2 - 10*u + 9. Let q(m) = -m**2 + 11*m - 10. Let n(l) = 5*a(l) + 4*q(l). Calculate n(5).
0
Let d(v) = -v**3 - 7*v**2 - v - 5. Let u be d(-7). Let m = 20 - 18. Let g(i) = 1 - 1 - i - m*i - 1. Give g(u).
-7
Let g be 3/(((-30)/(-4))/5). Let x(w) = 0 + 1 - w**g - 3*w + 4. Suppose 35 - 15 = -4*d. Calculate x(d).
-5
Let x(z) = 28 - 5*z - 130 + 36 + z**2 + 45 + 12*z. Determine x(-9).
-3
Suppose -61 = s - 37. Let y(g) = -g**2 - 25*g - 24. What is y(s)?
0
Suppose 10*p = -475 - 95. Let n be (0 - 0)/(p/19). Let q(b) be the first derivative of b**4/4 + b**2/2 - 3*b - 1. Calculate q(n).
-3
Let a be ((-6)/(-4))/(9/12). Let b(h) = -5*h**a + 0*h**3 + h**3 - 9*h + 9 + 0*h**3. Suppose 0 = d - 4*t + 10, -4 = -7*t + 6*t. What is b(d)?
-9
Let i(c) be the third derivative of -1/60*c**5 + 0*c + 0 + 1/3*c**3 - 1/6*c**4 + 14*c**2. Give i(-4).
2
Let i(q) = -3*q - 25